. Calculate the greatest common factor of 46 and i.
46
Suppose 8 = a - b, -6*a + 2*a = 5*b - 5. Suppose -6 = a*u - 26. Suppose 10 = u*l - 54. What is the highest common divisor of l and 176?
16
Suppose 0 = -11*u + 490 - 28. Calculate the highest common divisor of u and 18.
6
Let w = -150 - -166. What is the greatest common factor of 2 and w?
2
Let n be ((-2)/6)/((-8)/(-48)). Let i be (-14 - 13)*n/6. Suppose -13*y = -i*y - 56. Calculate the greatest common divisor of 14 and y.
14
Suppose 7*q - 1152 + 242 = 0. Calculate the greatest common divisor of q and 195.
65
Let r be ((-2)/3)/(1/(-3)). Suppose -2*d = -2*b + 4, -5*d - 2 = -6*b + 3*b. Suppose 8 = 5*c - d. Calculate the highest common divisor of c and r.
2
Let a(p) = 3*p**2 + 30*p + 187. Let r be a(-7). What is the greatest common factor of 31 and r?
31
Let n be (-2 - -1) + 1 + -6. Let y(s) = -2*s - 4. Let u be y(n). Suppose 2*m - 6 = u. Calculate the greatest common factor of 21 and m.
7
Let q be 6/(5/(15/6)). Suppose -68 = -q*u + 70. Let x be (3 - 33/(-12))*12. Calculate the greatest common factor of u and x.
23
Let h = -6 + 10. Let s be 11/(h*1/4). Suppose 5*t - 7*t + 22 = 0. Calculate the highest common factor of s and t.
11
Let g(k) = -k**3 - 12*k**2 - 26*k + 13. Let l be g(-9). Calculate the greatest common factor of 16 and l.
4
Suppose -4*j - 12 = -8. Let c be -4*4/8*j. Let f be (11 - -5) + c + -1. Calculate the greatest common divisor of 153 and f.
17
Suppose -2*r = -9*r + 77. Suppose 0 = -z - 6 + r. What is the highest common divisor of z and 85?
5
Suppose -2*a - 42 = -5*a. Suppose -b - 4*b = 3*r - 60, 0 = 5*b + r - 60. Suppose b*u = 2*u + 1260. Calculate the highest common divisor of u and a.
14
Let n(q) = q**3 + 13*q**2 + 22*q + 26. Let y be n(-11). What is the highest common factor of 18 and y?
2
Suppose 411*n = 363*n + 6960. Calculate the greatest common factor of 174 and n.
29
Suppose 0 = -u - 2*u + 2*n + 3, -5*u - 4*n + 27 = 0. Let m be (-13)/(-3) - 1/u. Let d be 70/20 + 2/m. Calculate the highest common factor of 4 and d.
4
Suppose -a = -4*k + 195, 8 - 17 = 3*a. What is the highest common factor of 1776 and k?
48
Let v(g) = 2*g**3 - g**2 - 3*g + 2. Let f be v(2). Suppose -3*m = 2*m - 45. Let w = m - 7. What is the highest common divisor of f and w?
2
Suppose -f = -9 - 18. What is the highest common divisor of f and 9?
9
Let v = 6 + -5. Let c be v*(259/9 + (-2)/(-9)). What is the greatest common divisor of c and 29?
29
Let h(y) = 3*y**2 + 26*y - 196. Let k be h(8). Calculate the greatest common divisor of k and 357.
51
Suppose 38*c - 14*c - 21672 = 0. What is the highest common factor of c and 129?
129
Let u(t) = 3*t**2 - 5*t - 1. Let a be u(5). Suppose 2*d - 4*d = -r + 1, 3*d + 5 = 2*r. What is the greatest common factor of r and a?
7
Let w(b) = 3*b**2 + 6*b. Let y be w(-5). Let h = -13 - -12. Let v be -5*(2 - (h - -4)). Calculate the highest common divisor of y and v.
5
Suppose c - 33 + 5 = 4*y, -2*y - 2 = c. What is the greatest common factor of c and 608?
8
Suppose -6*y - 20 = -188. Let r(h) = h**2 + 3*h - 6. Let v be r(-5). What is the greatest common divisor of y and v?
4
Let s(u) be the second derivative of -u**3/6 + 27*u**2/2 - 14*u. Let k be s(16). What is the greatest common divisor of 121 and k?
11
Let b be (3/2)/((-2)/4) + 6. Let n be ((-2 + b)*2 - 4)*-1. Suppose 3*d - 29 = -5*h, -4*d + 3*d = -2*h - 28. Calculate the highest common divisor of n and d.
2
Let u be (-80)/(-6)*(-21)/(-14). Let m be u + (0 - -2) - 1. What is the greatest common divisor of 7 and m?
7
Suppose 178 = -3*l + 4*l. Suppose -l = -5*k + 112. Calculate the greatest common divisor of 58 and k.
58
Suppose -p + 19 = -0*p. Let k(l) = 3*l**2 + 4*l - 1. Let w be k(-3). Suppose 0 = -w*d + 1119 + 1807. Calculate the greatest common factor of p and d.
19
Let c be 1988/22 - 508/1397. Calculate the highest common factor of c and 144.
18
Let q(h) = h**2 + 6*h - 12. Let g be q(12). Let v be (45/6)/(1/(-2)). Let z be (g/v)/((-4)/10). Calculate the greatest common factor of 85 and z.
17
Let a = 32 - -52. Suppose -5*v + 0*m + a = -m, -5*m = -v + 36. What is the greatest common divisor of v and 16?
16
Suppose -3*m + i = -i - 951, 5*m = 4*i + 1587. Suppose a = -4*a + m. Suppose q - 3 = -r + 1, -2*r - 28 = -2*q. What is the greatest common divisor of a and q?
9
Let a = -1861 + 1898. Calculate the highest common divisor of 407 and a.
37
Let x be (30/(-12) + 2)*-672. What is the greatest common factor of x and 6?
6
Let q(x) = 4*x + 11. Let t be q(1). What is the highest common divisor of t and 1575?
15
Let l(r) = 3*r + 2*r**2 - 5 + 4 - 9 + 4*r. Let o be l(4). What is the greatest common divisor of o and 75?
25
Suppose -3*s = -25 + 4. Let m be 7/((-26)/13 + (-3)/(-1)). Calculate the highest common divisor of s and m.
7
Suppose 0*x = -4*l - 2*x + 338, 4*x - 336 = -4*l. What is the highest common factor of 51 and l?
17
Let f(i) = -i + 44. Let n be f(0). What is the highest common divisor of n and 176?
44
Let v be 1/(37/36 + (-15)/15). Suppose -w + v + 20 = 0. Suppose 3*p = 10 + 14. What is the greatest common factor of w and p?
8
Let a be (3 - 1) + (-425)/(-5). Let b = a + -6. Calculate the greatest common factor of b and 54.
27
Let x(d) be the first derivative of -d**2 - 5*d + 30. Suppose -5*h + 0*h - 20 = 0. Let k be x(h). Calculate the greatest common divisor of k and 1.
1
Let d = 237 - 66. Calculate the highest common divisor of d and 19.
19
Let x(y) = -3*y - 18. Let n be x(-7). Suppose -4 = h - 0. Let d(w) = -w**3 - 4*w**2 + 3. Let u be d(h). Calculate the greatest common factor of n and u.
3
Let l(w) = -w**3 - 3*w**2 + 7*w + 12. Let h be l(-4). Let z be (25 - h) + -1 - (-10 - -8). Calculate the highest common factor of z and 208.
26
Suppose -f + 4*f = 15. Let i be ((-40)/16)/(1/(-2)). Suppose -76 - 16 = -2*k - 4*j, 2*k - i*j - 110 = 0. Calculate the greatest common factor of f and k.
5
Let f = 163 - -12. Suppose -4*w - 25 + 201 = -4*y, -4*w + 5*y = -f. Calculate the greatest common divisor of w and 5.
5
Suppose -68*k + 65*k = 3*j - 888, 4*k - 3*j - 1156 = 0. What is the highest common divisor of k and 1606?
146
Let u = -26 - -40. Let a(j) = 4*j**3 - j**2 - 5*j + 28. Let i be a(3). Calculate the highest common divisor of i and u.
14
Let c(v) = -v + 6. Let m be (-3)/(-5)*5 + -1*3. Let h be c(m). What is the greatest common divisor of 12 and h?
6
Let f(g) = g. Let r be f(6). Let q = 27 + -25. Suppose -w = a - 9, 2*a - r - 4 = q*w. What is the greatest common factor of a and 77?
7
Let t(i) = i**3 - 10*i**2 - i + 14. Let h be t(10). What is the highest common factor of h and 236?
4
Let x = 42 + -22. Let n = x + -21. Let f be n*(40 - -2)*-1. Calculate the greatest common factor of 21 and f.
21
Let a(l) = l**3 - 17*l**2 + 18*l + 4. Let o be a(16). Let v = 44 - o. Let r(p) = p + 14. Let h be r(-6). Calculate the greatest common factor of h and v.
8
Let f be (15 - 2)*((-8)/2)/(-4). Suppose -14*r + 32 = -f*r. What is the greatest common factor of 32 and r?
32
Let i(o) = o**3 - 4*o + 3. Let p be i(2). Suppose u - 2*r - 10 = 0, -5*u = -2*u + 4*r. What is the greatest common divisor of u and p?
1
Let m(u) = -95*u - 18. Let n be m(-4). Let r = -180 + n. What is the highest common factor of r and 26?
26
Let r(m) = -m + 9. Let l be r(6). Suppose 0 = -z + 5*y + 33, 0*z + z - l*y = 25. Suppose 4*q = z + 3. Calculate the greatest common factor of 16 and q.
4
Suppose -5*d - q = -27, -3 = -2*d + d - q. Suppose d*i - 74 = 16. What is the highest common factor of i and 15?
15
Suppose 2*h - 5*h - 4170 = -4*b, -3*h = -b + 1047. Suppose b = 16*o - 191. Let s be (-1 - 0)/(1/(-11)). Calculate the greatest common divisor of s and o.
11
Let v be (-6)/(-1) + -4 + 7. Suppose -5*w - 12 = -v*w. Let a be 50/w + (-8)/12. What is the greatest common factor of a and 112?
16
Let y(i) = -i - 8 + 4 - i. Let p be y(-12). Calculate the greatest common factor of p and 8.
4
Suppose -3*u + 4*y + 93 = 31, -5*u = -5*y - 100. Calculate the greatest common factor of 243 and u.
9
Suppose 142 = 2*i - 98. Let s be 5/10 - (-5)/2. Suppose -o + 12 + s = q, -4*o + 60 = -5*q. What is the highest common factor of i and o?
15
Suppose 0 = 4*v - 0*v + 72. Let l = -15 - v. Let d(o) = 11*o - 1. Let f be d(l). What is the highest common divisor of 4 and f?
4
Suppose -i = -3